 of -4/3*q**3 + 0*q + 105*q**2 + 0 - 1/24*q**4. Determine l(s).
-2
Let a be 836/24 + (3 - (-34)/(-12)). Let q = 40 - a. Let v(x) = 0 - x - q - 1 - 9. What is v(0)?
-15
Let s(m) = 6*m**3 - 6*m**2 + 7*m - 6. Let x(h) = h**2 - h + 1. Let j(z) = -s(z) - 6*x(z). Suppose 0 = 6*l - 25 + 31. What is j(l)?
7
Let k(i) = -7*i - 6. Let x(b) = -4*b - 3. Let n(g) = -3*k(g) + 5*x(g). Let c be (-534)/(-9345) - 37/35. Calculate n(c).
2
Let j(p) = -p**3 - 51*p**2 + 165*p + 172. Let o be j(-54). Let l(t) = -t + 4 + 2*t - 15 - 7. Determine l(o).
-8
Let q(i) = 2*i - 4. Let c be q(8). Suppose z = -s - 2*s - c, s + 3*z + 4 = 0. Let l(t) = -3*t - 3. What is l(s)?
9
Suppose -4*a - 3*s = -4*s + 9, -2*a = -s + 5. Let w(p) be the first derivative of 0*p + 1/4*p**4 + 0*p**2 + p**3 - 2. What is w(a)?
4
Let r(j) = 0*j + 44 + 36 + 10*j - 75 + 2*j. What is r(-5)?
-55
Let s be 10/25 + (-4)/((-60)/9). Let v(a) = -4*a**2 + 9*a + 3. Let l(m) = 3*m**2 - 7*m - 2. Let r(t) = -3*l(t) - 2*v(t). Determine r(s).
2
Let p(u) = -u**3 - 4*u - 42*u**2 + 82*u**2 - 36*u**2 + 6. Calculate p(5).
-39
Let x = 177 - 175. Let u(q) = 16*q - x - 9*q - 5*q. Calculate u(0).
-2
Let c(b) = -b**3 + 4*b**2 + 10*b - 1. Let j(w) = -3*w**3 + 7*w**2 + 20*w - 4. Let q(x) = 5*c(x) - 2*j(x). What is q(-4)?
-5
Let f(c) = c + 229*c**2 - 19*c**3 - 115*c**2 - 113*c**2 - 8*c**3 + 0*c. Give f(-1).
27
Let k(i) = -i**2 - 40*i + 14. Let v = -3582 + 3542. Calculate k(v).
14
Let n(o) be the second derivative of o**3/6 + 2*o**2 + o. Suppose 0 = 3*f + 4*i - 4276, -6*i + 1412 = f - 2*i. Let d = f - 1437. Give n(d).
-1
Suppose 11 = 2*h - 1. Let i(m) = 0 - 15 + m + 28 - 11. Give i(h).
8
Let l(f) be the first derivative of f**3/3 - 16*f**2 - 75*f - 2023. What is l(34)?
-7
Let l(y) be the first derivative of y**5/20 - 5*y**4/12 + y**3/3 + 2*y**2 - 58*y - 236. Let u(i) be the first derivative of l(i). Determine u(3).
-8
Let c(y) = 2*y**3 - 3*y**2 - 3*y - 1. Let h be -5*103*(-60)/150. Let z = h + -203. What is c(z)?
17
Suppose 3*i - 76 = -111*l + 112*l, -2*i = 6*l - 44. Let k(s) = -s**3 + 24*s**2 + 25*s + 17. Determine k(i).
17
Let h(d) = -7*d + 16 + 12 + 5*d. Let q(t) = t**3 - 18*t**2 + 6*t - 106. Let r be q(18). Let g(o) = -o + 27. Let y(b) = r*h(b) - 3*g(b). Determine y(0).
-25
Suppose -m + j + 2 = 0, -j = -6*m + 2*m + 11. Let g(p) be the second derivative of 13*p**3/6 - 2*p**2 - 25*p. What is g(m)?
35
Let b(g) be the first derivative of -3*g**2/2 + 5*g - 3477. Give b(0).
5
Let i(n) = -5*n + 39. Let a be i(7). Let j(c) = 3 - 21*c - 7 + 6*c + 14*c. Give j(a).
-8
Let j(m) = 17*m - 51. Let h(c) = -7*c + 20. Let y(p) = 12*h(p) + 5*j(p). What is y(23)?
8
Let w(p) = -10 + 12 - 20*p + 261*p**3 - 21*p**2 - 262*p**3. Determine w(-20).
2
Suppose 0 = 30*o - 37*o + 56. Suppose 0 = -2*d + o*d + 24. Let t be (4 + -3)/(1/d). Let j(x) = -x**2 - 3*x - 3. Determine j(t).
-7
Let m(x) = 2*x + 12. Let d be m(-5). Let i(q) = 4*q + 16 - 5 - 12 - 1 - 3*q**d. Calculate i(2).
-6
Suppose 2597 = 238*l + 182 - 1869. Let c(a) = -a**3 + 18*a**2 + a - 32. Give c(l).
-14
Let q(d) = -2*d - 27. Let u(o) = -2*o - 29. Let b(w) = -5*q(w) + 4*u(w). Let y be b(-7). Let m(j) = -j**2 + 5*j - 7. Determine m(y).
-7
Let p(v) = 2*v**2 + 2*v - 3. Let z be ((-9)/45)/((-16)/160). Give p(z).
9
Let r(j) = -2*j**3 + 7*j + 10. Let x be r(-3). Suppose 35*k = x*k + 48. Let t(b) = -b**3 - 6*b**2 + 3*b + 2. What is t(k)?
-16
Let o = -3274 + 3280. Let p(d) be the third derivative of -13*d**2 + 0*d**4 + 1/120*d**o + 0*d**3 + 0 - 1/12*d**5 + 0*d. Determine p(5).
0
Let o(x) = -2*x - 31. Let f(a) = a + 15. Let y(m) = 9*f(m) + 4*o(m). Let k be y(-8). Let w be (-4 - -7)/k*0. Let p(q) = q**3 + q**2 - q - 1. What is p(w)?
-1
Let j(r) = -1721*r - 5166. Let z be j(-3). Let n(g) = 68*g + 206. Calculate n(z).
2
Let s(a) = 36*a + 7. Let f(u) = -2*u**2 + 140*u - 2429. Let i be f(38). Give s(i).
115
Suppose 727*f + 577*f + 3685 = -2835. Let l(h) = 3*h**2 + 5*h - 9. Let g(n) = 7*n**2 + 11*n - 19. Let k(o) = 2*g(o) - 5*l(o). Determine k(f).
-3
Suppose 3*q = 2*q - 4*q. Let s(j) = -4*j**2 - 5*j + 100. Let y(o) = -3*o**2 - 4*o + 81. Let w(h) = -4*s(h) + 5*y(h). Calculate w(q).
5
Let z(s) be the third derivative of 3*s**2 + 5/6*s**3 + 7/24*s**4 + 29 + 0*s + 1/60*s**5. Give z(-4).
-7
Let t(i) = 2*i + 25. Let s be t(-10). Suppose -s*r - u = -6 - 19, -5*u - 7 = 3*r. Let l(a) = -a + 2. Calculate l(r).
-4
Let k(b) = -b**2 + 4*b + 10. Let p be ((-3)/12)/((-6)/(-24)). Let m(s) = 6*s**2 - 14*s - 13. Let r be m(p). Determine k(r).
-11
Let a(s) = 8*s + 53. Let g be a(-8). Let d be 20/(-110) - 90/g. Let c(f) = -f + 15. Calculate c(d).
7
Let b(l) = 2*l**2 - 103*l - 1. Let m(j) = -j**2 + 42*j + 1. Let u(q) = -3*b(q) - 7*m(q). What is u(5)?
96
Let w(l) = -l**2 + 8*l. Let a = 192 + -199. Let c(t) = -3*t**2 + 25*t - 1. Let y(f) = a*w(f) + 2*c(f). Let d be (1/3)/((-7)/(-147)). What is y(d)?
5
Let l(p) be the third derivative of 1/6*p**3 + 15*p**2 + 0 + 1/24*p**4 + 0*p. Determine l(5).
6
Let k = 12074 + -12071. Let x(a) be the second derivative of 0 - 3*a**2 - 13*a - a**k - 1/20*a**5 - 5/12*a**4. What is x(-4)?
2
Let r be ((-12)/24)/((-2)/20). Let b(y) = 32*y**3 + y**2. Let h be b(1). Let m(p) = 17 - p**3 + 19 - h + r*p. Determine m(-3).
15
Let d(m) = 699185*m + 6*m**2 - 13*m**3 + 14*m**3 - 2 - 699181*m + 5. Let b = 13 - 18. Calculate d(b).
8
Let t = 20482 - 20474. Let k(r) = 5*r**2 - 44*r + 4. Calculate k(t).
-28
Let s(r) = -163 - 2*r**3 + 71 + 3*r**3 + 74 + 13*r - 3*r**2. Let y be s(2). Let v(k) = -k**2 - k - 1. What is v(y)?
-21
Let y be (-3)/(-27) - ((-175)/45 + -2). Let r(g) be the second derivative of -1/12*g**4 + 0 + 4*g**2 - 3*g + 5/6*g**3. Calculate r(y).
2
Let h(r) = r**3 + 10*r**2 + 14*r - 5. Suppose m + 2*g + 9 = 0, g - 140 + 106 = 5*m. Calculate h(m).
44
Let p(o) be the first derivative of 75 + 3/2*o**2 - 2*o**3 - 6*o + 1/4*o**4. What is p(4)?
-26
Let l(m) be the second derivative of -m**5/10 + 13*m**4/12 + 2*m**3/3 + 7*m**2 - 2*m - 177. What is l(7)?
-7
Let n(r) = -r**2 - 8*r + 2. Let l be 13 + 29/(-2) - (-255)/2. Suppose -8*c - l = 10*c. Determine n(c).
9
Let t(i) be the third derivative of -7*i**4/12 + 16*i**3/3 - 1036*i**2. What is t(6)?
-52
Let a = -54 - -55. Let b(g) = 3*g**2 + g - 1. Let i be b(a). Let u(d) = 3 - d**2 + 2*d**3 + i - 6. Calculate u(-1).
-3
Let c(l) = -l - 2. Suppose -u = 2*f + u - 36, 4*u + 12 = 2*f. Let h be f/6 - 3/(9/(-2)). Suppose 7*k = h*k. Determine c(k).
-2
Let k(g) = -7*g**2 + 2*g - 8. Let d(o) = 8*o**2 - 3*o + 9. Let v(n) = 5*d(n) + 6*k(n). Suppose 0 = -3*f - 3*l, 14*f + 4*l = 13*f + 12. What is v(f)?
-23
Let x(m) be the third derivative of -m**6/120 + 3*m**5/20 - m**4/12 + 11*m**3/6 - 2*m**2. Let f(g) = 62*g + 6. Let h be f(4). Let c = -245 + h. Give x(c).
-7
Let z(b) be the second derivative of 5*b**3/6 - 13*b**2/2 - 582*b. Calculate z(3).
2
Let j(y) = -102*y**2 + 13*y - 30. Let n be j(2). Let m = n + 410. Let g(p) = 3*p**3 + 3*p**2 + 4*p + 3. What is g(m)?
-17
Suppose 2*q + 176*t - 174*t = 30, 6 = -q + 2*t. Let u(w) = 18*w - 161. What is u(q)?
-17
Let q(g) = 2*g**2 + g + 4. Let i(v) = 210*v**3 + 3*v**2 - 3. Let s be i(-1). Let a = s - -207. Calculate q(a).
19
Let l be (42/(-9) - -4)/(3/(-18)). Suppose 3*r = l*m + 5*r + 22, -3*m - 2*r - 18 = 0. Let o(a) = 4*a**2 + 5 + a + 2*a - 2*a**2. What is o(m)?
25
Let b(n) = -n**2 + 2*n - 1. Let c(m) be the third derivative of m**5/10 - 7*m**4/12 + m**3/6 - m**2 + 34. Let p(u) = -5*b(u) - c(u). Determine p(5).
-1
Let s be (-4)/(-5) - 876/(-30). Let r = 35 - s. Let t(n) = -n**3 + 6*n**2 - 8*n + 18. Let d be t(r). Let f(o) = -o**2 + 4*o - 4. Determine f(d).
-1
Let m(w) be the first derivative of -w**4/4 + 10*w**3/3 - 4*w**2 - 7*w - 468. What is m(9)?
2
Let w be 17 + -15 - (2/2)/((-5)/85). Let z(r) = -r**2 + 15*r - 24. What is z(w)?
-100
Suppose 4*i = -259 - 21. Let d = i - -73. Let w(z) = 2*z**2 + 5*z**2 - 3*z**2 + z - z**2 + z**d. What is w(-4)?
-20
Let y = -26 - -2. Let w = y - -25. Let n(q) = -w - 3 - 4*q + 3 - 6*q. Give n(-1).
9
Let x(u) be the first derivative of 2*u**3 - 9*u + 1/4*u**4 - 9/2*u**2 - 30. Suppose 0 = -3*z + 9 + 3, 0 = 5*m + z + 31. Calculate x(m).
5
Let j(r) = 8*r + 13*r + 2*r**2 + 1 - 3*r**2 - 20*r. Let t = -15 + 13. Let p = t - -4. Determine j(p).
-1
Let f = -12756 - -12754. Let r(i) be the third derivative of -i**5/